{"id":952,"date":"2022-03-10T18:38:49","date_gmt":"2022-03-10T17:38:49","guid":{"rendered":"https:\/\/allespalettiinberlin.fr\/?page_id=952"},"modified":"2022-03-10T19:04:31","modified_gmt":"2022-03-10T18:04:31","slug":"les-bons-plans","status":"publish","type":"page","link":"https:\/\/allespalettiinberlin.fr\/?page_id=952","title":{"rendered":"Les bons plans"},"content":{"rendered":"\n\n\t\t\t\t<img loading=\"lazy\" decoding=\"async\" src=\"https:\/\/allespalettiinberlin.fr\/wp-content\/uploads\/2021\/12\/IMG_0947.jpg\" alt=\"IMG_0947\" itemprop=\"image\" height=\"3024\" width=\"4032\" title=\"IMG_0947\" onerror=\"this.style.display='none'\"  \/>\n<h3>\n\t\tListe de films allemands\n\t<\/h3>\n\t<p>Pour cin\u00e9philes curieux ou nostalgiques de Berlin, pour s&#8217;entra\u00eener dans la langue de Goethe ou d\u00e9couvrir un peu plus la culture et l&#8217;histoire germanophone&#8230; Toutes les raisons sont bonnes pour aller piocher dans cette petite liste de films \ud83d\ude42<\/p>\n\t\t\t<a href=\"https:\/\/allespalettiinberlin.fr\/?p=930\" target=\"_blank\" role=\"button\" rel=\"noopener\">\n\t\t\t\t\t\t\tLire\n\t\t\t\t\t<\/a>\n<h4>\n\t\tPoste \u00e0 venir\n\t<\/h4>\n<h2>\n\t\tCartographie des bonnes adresses pour manger et boire\n\t<\/h2>\n\t<p>Poste \u00e0 venir.<\/p>\n<p>&nbsp;<\/p>\n\t\t\t<a href=\"https:\/\/allespalettiinberlin.fr\/?p=930\" target=\"_blank\" role=\"button\" rel=\"noopener\">\n\t\t\t\t\t\t\tLire\n\t\t\t\t\t<\/a>\n<h4>\n\t\tPoste \u00e0 venir\n\t<\/h4>\n<h2>\n\t\tSorties culturelles, escapades dans la nature, night life berlinoise\n\t<\/h2>\n\t<p>Poste \u00e0 venir<\/p>\n\t\t\t<a href=\"https:\/\/allespalettiinberlin.fr\/?p=930\" target=\"_blank\" role=\"button\" rel=\"noopener\">\n\t\t\t\t\t\t\tLire\n\t\t\t\t\t<\/a>\n\n","protected":false},"excerpt":{"rendered":"<p>Liste de films allemands Pour cin\u00e9philes curieux ou nostalgiques de Berlin, pour s&#8217;entra\u00eener dans la langue de Goethe ou d\u00e9couvrir un peu plus la culture et l&#8217;histoire germanophone&#8230; Toutes les raisons sont bonnes pour aller piocher dans cette petite liste de films \ud83d\ude42 Lire Poste \u00e0 venir Cartographie des bonnes adresses pour manger et boire Poste \u00e0 venir. &nbsp; Lire Poste \u00e0 venir Sorties culturelles, escapades dans la nature, night life berlinoise Poste \u00e0 venir Lire<\/p>\n","protected":false},"author":1,"featured_media":0,"parent":0,"menu_order":0,"comment_status":"closed","ping_status":"closed","template":"","meta":{"footnotes":""},"class_list":["post-952","page","type-page","status-publish","hentry"],"acf":[],"_links":{"self":[{"href":"https:\/\/allespalettiinberlin.fr\/index.php?rest_route=\/wp\/v2\/pages\/952","targetHints":{"allow":["GET"]}}],"collection":[{"href":"https:\/\/allespalettiinberlin.fr\/index.php?rest_route=\/wp\/v2\/pages"}],"about":[{"href":"https:\/\/allespalettiinberlin.fr\/index.php?rest_route=\/wp\/v2\/types\/page"}],"author":[{"embeddable":true,"href":"https:\/\/allespalettiinberlin.fr\/index.php?rest_route=\/wp\/v2\/users\/1"}],"replies":[{"embeddable":true,"href":"https:\/\/allespalettiinberlin.fr\/index.php?rest_route=%2Fwp%2Fv2%2Fcomments&post=952"}],"version-history":[{"count":6,"href":"https:\/\/allespalettiinberlin.fr\/index.php?rest_route=\/wp\/v2\/pages\/952\/revisions"}],"predecessor-version":[{"id":960,"href":"https:\/\/allespalettiinberlin.fr\/index.php?rest_route=\/wp\/v2\/pages\/952\/revisions\/960"}],"wp:attachment":[{"href":"https:\/\/allespalettiinberlin.fr\/index.php?rest_route=%2Fwp%2Fv2%2Fmedia&parent=952"}],"curies":[{"name":"wp","href":"https:\/\/api.w.org\/{rel}","templated":true}]}}